n - 15 = 0. What is the tens digit of u?
1
Suppose 2*f - 4*p + 4 = -3*p, 2*p = -f - 2. Let z = -6 - f. What is the units digit of (-42)/(-8) + 1/z?
5
Let v = -6 + 13. Suppose -4 = -l + v. What is the units digit of l?
1
Let h be (8/6)/((-3)/(-36)). Suppose m + 52 = -4*c, -5*c - 5*m - 64 - h = 0. What is the units digit of ((-14)/(-3))/(c/(-18))?
7
Let m(k) = -k**2 - 4*k - 3. Let n = -6 + 2. Let j be m(n). Let h = j - -4. What is the units digit of h?
1
Let c = 153 - 69. What is the tens digit of c?
8
Let l be -1*0/(4/(-2)). Suppose 0 = 5*z - i - 216, -4*z + l*i + 2*i = -174. What is the tens digit of z?
4
Suppose 4*g - 3 = -5*d - 9, -5*g = 2*d + 16. Let w be (-1)/d*2 - -5. Suppose 0 = -4*y + w*p + 24, -3 = 3*y + 4*p - 0. What is the units digit of y?
3
Let s(u) = -u**3 - u + 9. What is the units digit of s(0)?
9
Let t be (-9)/12*12/(-3). Suppose -t*p + 8*p = 160. What is the units digit of p?
2
Suppose 3*v - 7*v + 20 = 0. Suppose v*b = u + 12, 5*u + 1 = -5*b + 31. Suppose b*q - 20 = q. What is the tens digit of q?
1
Let l = 3 - 3. Suppose -2*o + 68 = -l*o. Suppose 5*s - 4*k = o, -k + 12 = 2*k. What is the tens digit of s?
1
Suppose 0*h + 5 = h. Suppose 3*m = -0*i - h*i - 30, -4*i - 3*m - 24 = 0. Let n = i + 13. What is the units digit of n?
7
Suppose -5*o + 25 = 0, -2*x = -3*o - o + 24. What is the tens digit of 12 - (x + 0)/1?
1
What is the units digit of (9 - 4)*18/5?
8
Suppose 84 = 3*k - 0. What is the units digit of k?
8
Let h be 1 + 4/8*-2. Suppose -i = -h*i - 52. What is the tens digit of i?
5
Let v = 60 + 40. What is the tens digit of v?
0
Let x(a) = 3*a**2 - 21*a - 7. Let f(s) = 2*s**2 - 10*s - 3. Let t(n) = -5*f(n) + 3*x(n). What is the units digit of t(-10)?
4
Let p(x) = -x**3 + x**2 + 2*x + 122. What is the units digit of p(0)?
2
Let b(z) = z + 6. Let h(p) = -6. Let w(l) = -2*b(l) - 3*h(l). What is the units digit of w(-8)?
2
Suppose 2*q - 5*l + 4 = 5*q, 0 = 3*q + l - 8. Suppose g - 1 = 2*s - 4, q*g - 5*s + 5 = 0. What is the units digit of g?
5
Let r = -6 - -9. What is the units digit of r?
3
Suppose 2*z = -4*s - 0 + 6, -2*s + 9 = 3*z. Suppose 0*q + 2*q - 50 = s. What is the tens digit of q?
2
Suppose 2*p - 3 = 7. What is the units digit of p?
5
Let w(y) = 3*y**2 + 29*y + 15. What is the tens digit of w(-13)?
4
Let v = -241 + 351. What is the units digit of v?
0
Suppose -b = -6 - 0. What is the units digit of b?
6
Suppose 0 = 8*i - 3*i - 2*c, 0 = 2*i + c - 9. What is the units digit of (i - (-1)/3)*3?
7
Let j = 5 + 6. Let p be -6*(3 + (-9)/6). Let l = j + p. What is the units digit of l?
2
Let y = 569 + -843. Let n be y/10 - 2/(-5). Let c = n - -38. What is the units digit of c?
1
Let d = 83 - 58. What is the units digit of d?
5
Let l(v) = v**3 - 6*v**2 - 6*v + 8. Let g be l(7). Let m = g - 3. What is the tens digit of m?
1
Let p = -12 - -17. Let l(v) = 48*v + 1. Let h be l(1). Suppose -11 = -p*x + h. What is the tens digit of x?
1
Let c = -2 + 4. Let q(t) be the third derivative of t**6/120 - t**5/60 + t**4/24 + t**3/6 + 4*t**2. What is the units digit of q(c)?
7
Let r(m) = 6*m**3 - 3*m**2 + m. Let b be r(2). Suppose -5*z = -12 - b. What is the units digit of z?
0
Let x = 5 + -15. Let u(g) = -3*g + 4. What is the tens digit of u(x)?
3
Suppose -2*d - 3*r - 5 = 3*d, -2*d + 5*r + 29 = 0. Let s = d + 1. Suppose -h = -s*h + 2. What is the units digit of h?
1
Let j be -3 + (-3 + 2)*-9. Let w = j - 3. Suppose 0 = 5*n + 2*u - w*u - 27, n + 3*u = -1. What is the units digit of n?
5
Suppose -5*f + 117 = 4*d, 0 = 5*d - d - 4*f - 108. Suppose -12 - d = -2*b. What is the units digit of b?
0
Let g = -8 + 11. Suppose -4 = g*j - 49. What is the tens digit of j?
1
Let z(p) be the first derivative of -p**3/3 + 7*p**2/2 - 8*p + 2. Let x be z(6). Let g = x - -7. What is the units digit of g?
5
Let u(x) = x**2 - 1 + x - x. Let b be u(-5). Let m = -14 + b. What is the tens digit of m?
1
Let t(q) = -4*q + 7. What is the units digit of t(0)?
7
Let a(i) = 120*i. Let c be a(-1). Let x be (c/18)/(2/(-15)). Let h = x - 34. What is the tens digit of h?
1
Let j be 2 - (-2 + 8 - 1). Let p be -1*-8*j/6. What is the units digit of (0 - p/(-2))/(-2)?
1
Let b(l) = l**2 + 7*l - 3. Let n be b(-8). Suppose 2*s = 3*s - a - 5, -n*s + 7 = 4*a. What is the units digit of s?
3
Let p be (2/2)/(2/(-22)). Let i = p + 22. Suppose -2*r = -5*c + i + 37, -3*r = -3*c + 36. What is the units digit of c?
8
Let r(a) = -a + 2. Let o be r(-2). Suppose o*v = v + 9. What is the units digit of v?
3
Let u = 26 - -4. What is the tens digit of u?
3
Suppose -6 = 4*j - 158. What is the tens digit of j?
3
Suppose -3*f = 3*h - 150, 3*f - 33 + 189 = 3*h. What is the tens digit of h?
5
Suppose -b = 5*d + 259, 0*b = 3*d + 5*b + 173. Let j be (-4 + 2)*d/(-6). Let f = j - -30. What is the tens digit of f?
1
Let c(s) be the third derivative of 1/60*s**5 - 1/2*s**3 - 2*s**2 + 0 - 1/6*s**4 + 0*s. What is the units digit of c(6)?
9
Let x be (-3)/4*(-7 + 3). Suppose 2*n + 16 = 5*t + x, n + t - 4 = 0. What is the units digit of n?
1
Suppose -8 + 4 = n. Let c = n + 7. What is the units digit of c?
3
Let a(v) = -2*v + 10*v**2 - 7*v - 2*v**3 + 1 + v**3. Let j be a(9). Let p(d) = 3*d**2. What is the units digit of p(j)?
3
Suppose 5*r - 12 = 2*r. What is the units digit of 12/((-2)/r + 2)?
8
Suppose -5*w + 50 = 4*o, w + 2*o + 24 = 2*w. What is the tens digit of 4/w + (-1776)/(-56)?
3
Let g(v) = 12*v + 2. Let s be g(2). Suppose 3*r - 5*j = 22, -4*r + s = r - 3*j. What is the units digit of r?
4
Let c(s) = -2*s - 7. Let y(i) = 3 + 2*i + 0*i - i. Let k(v) = -4*c(v) - 9*y(v). What is the units digit of k(-3)?
4
Let y = 112 - -67. What is the tens digit of y?
7
Suppose -14 = -2*a - 2*f, -a + 2*f - 32 = -6*a. Let d = a + -2. Suppose d*y = 3*y + 6. What is the units digit of y?
6
Suppose p = -l + 6*l + 19, -56 = -2*p + 4*l. What is the units digit of p?
4
Suppose 7*p - 648 = p. What is the tens digit of p?
0
Let w = 5 + -9. Let v = w - -7. Suppose -36 = -r - v*r. What is the units digit of r?
9
What is the tens digit of (1 + (-33)/9)*(-174)/8?
5
Suppose 0 = l + l. Suppose -4*c - 4*a + 130 + 50 = l, 5*c = -a + 225. What is the units digit of c?
5
Suppose 5*i + 20 = -25. What is the units digit of (-111)/i + (-4)/(-6)?
3
Suppose -3*j = 2*l - 25, 2*j + 20 = 6*j. Suppose 2*x - 1 - 19 = -3*w, l*w - x = 55. What is the tens digit of w?
1
Suppose -3*j = -7*j. Let q(z) = -z**3 + 2. Let a be q(j). Suppose a*t = 4*t - 20. What is the tens digit of t?
1
Let g(f) = -5*f - 1. Let j be 16/(-6)*9/(-6). Suppose 0 = -5*c - j*v - 5, 5*c = -2*v + 1 - 6. What is the units digit of g(c)?
4
Suppose r = -5*a + 158, 26 = -3*r + a + 436. What is the hundreds digit of r?
1
Let o = -9 - -12. Suppose o*t - 69 = -0*t. What is the units digit of t?
3
Suppose 4*k - 3*y - 244 = 0, -k = -5*k + y + 244. What is the units digit of k?
1
Let z(g) = 2*g**2 + 3*g - 14. What is the units digit of z(-6)?
0
Let g = 12 - 8. What is the tens digit of ((-34)/(-8))/(1/g)?
1
Suppose 18*y = 17*y + 377. What is the hundreds digit of y?
3
What is the units digit of ((-6)/(-9))/(2/33)?
1
Suppose 2*o + 12 = 4*o - 3*k, 4*k + 19 = 3*o. Let n(c) = c**2 + 7*c + 12. Let p be n(-4). What is the units digit of o*(2 - p) - -3?
1
Suppose -6 - 16 = q. Let f = q - -32. What is the tens digit of f?
1
Let h(n) = -n**2 + n + 2. Let w be h(2). Let d be 15 + -2 + w - -2. Let a = 23 - d. What is the units digit of a?
8
Let a(h) = 3*h - 10. Let y = -12 - -20. Let m be a(y). Suppose 3*v + m = 4*f, 4*f + v - 26 = -2*v. What is the units digit of f?
5
Let z be (-5 + 2)/(-6)*16. Let w = 1 - z. What is the tens digit of w/(-28) + 67/4?
1
Suppose -2 + 12 = -2*d. Let l = d - -7. Suppose 3*k = 2*k + l. What is the units digit of k?
2
Suppose k - 2 = q, -4*k = -0*k + q - 3. What is the tens digit of -1*k - (7 - 23)?
1
Let x(t) be the third derivative of t**4/8 - 2*t**2. What is the units digit of x(1)?
3
Let y = -4 - -2. What is the units digit of -1 + (-4 - y) - -23?
0
Let p = 20 - 14. Let b = p - -7. What is the units digit of b?
3
Suppose -14 + 54 = 4*p. What is the units digit of p?
0
Suppose 5*a + 5*z - 40 = 0, -a - 3*z = a - 21. Suppose h = -a*h + 4. What is the units digit of (-8)/(-4)*h/2?
1
Suppose -h + 70 = 4*h. Suppose -o - 11 = h. What is the tens digit of (-10)/o + 58/5?
1
Supp